 the remainder when 118 is divided by 56.
6
What is the remainder when 358 is divided by 86?
14
What is the remainder when 3807 is divided by 1264?
15
Calculate the remainder when 1079 is divided by 136.
127
What is the remainder when 120 is divided by 18?
12
What is the remainder when 214 is divided by 100?
14
Calculate the remainder when 403 is divided by 101.
100
What is the remainder when 538 is divided by 54?
52
Calculate the remainder when 1321 is divided by 49.
47
What is the remainder when 253 is divided by 166?
87
What is the remainder when 42 is divided by 12?
6
What is the remainder when 8219 is divided by 7?
1
What is the remainder when 1061 is divided by 118?
117
What is the remainder when 455 is divided by 91?
0
What is the remainder when 556 is divided by 14?
10
Calculate the remainder when 390 is divided by 26.
0
Calculate the remainder when 557 is divided by 184.
5
What is the remainder when 483 is divided by 11?
10
What is the remainder when 192 is divided by 72?
48
Calculate the remainder when 21208 is divided by 42.
40
Calculate the remainder when 134 is divided by 43.
5
What is the remainder when 194 is divided by 51?
41
Calculate the remainder when 70 is divided by 40.
30
What is the remainder when 2879 is divided by 64?
63
Calculate the remainder when 143 is divided by 4.
3
What is the remainder when 2123 is divided by 85?
83
What is the remainder when 638 is divided by 71?
70
What is the remainder when 3666 is divided by 409?
394
What is the remainder when 69 is divided by 3?
0
What is the remainder when 253 is divided by 85?
83
What is the remainder when 340 is divided by 59?
45
What is the remainder when 60 is divided by 43?
17
Calculate the remainder when 125 is divided by 53.
19
Calculate the remainder when 710 is divided by 31.
28
What is the remainder when 186 is divided by 95?
91
Calculate the remainder when 131 is divided by 4.
3
Calculate the remainder when 7547 is divided by 111.
110
Calculate the remainder when 269 is divided by 87.
8
Calculate the remainder when 21767 is divided by 59.
55
What is the remainder when 1632 is divided by 83?
55
Calculate the remainder when 593 is divided by 120.
113
What is the remainder when 569 is divided by 29?
18
What is the remainder when 1946 is divided by 477?
38
Calculate the remainder when 5451 is divided by 54.
51
What is the remainder when 2786 is divided by 78?
56
What is the remainder when 455 is divided by 102?
47
Calculate the remainder when 732 is divided by 23.
19
What is the remainder when 93 is divided by 10?
3
Calculate the remainder when 33 is divided by 21.
12
What is the remainder when 611 is divided by 18?
17
What is the remainder when 893 is divided by 29?
23
What is the remainder when 607 is divided by 61?
58
What is the remainder when 5263 is divided by 195?
193
Calculate the remainder when 2888 is divided by 192.
8
Calculate the remainder when 195 is divided by 39.
0
Calculate the remainder when 543 is divided by 319.
224
What is the remainder when 169 is divided by 35?
29
What is the remainder when 7913 is divided by 15?
8
Calculate the remainder when 1617 is divided by 90.
87
Calculate the remainder when 455 is divided by 15.
5
Calculate the remainder when 235 is divided by 61.
52
What is the remainder when 6 is divided by 5?
1
What is the remainder when 722 is divided by 245?
232
What is the remainder when 4127 is divided by 20?
7
What is the remainder when 266 is divided by 136?
130
What is the remainder when 734 is divided by 32?
30
Calculate the remainder when 60078 is divided by 40.
38
What is the remainder when 1509 is divided by 248?
21
Calculate the remainder when 790 is divided by 12.
10
Calculate the remainder when 159 is divided by 43.
30
What is the remainder when 344 is divided by 30?
14
Calculate the remainder when 771 is divided by 18.
15
What is the remainder when 40 is divided by 17?
6
What is the remainder when 67 is divided by 33?
1
Calculate the remainder when 30 is divided by 18.
12
Calculate the remainder when 570 is divided by 44.
42
Calculate the remainder when 898 is divided by 90.
88
Calculate the remainder when 43 is divided by 11.
10
What is the remainder when 65 is divided by 35?
30
What is the remainder when 1785 is divided by 4?
1
What is the remainder when 1160 is divided by 80?
40
What is the remainder when 12337 is divided by 21?
10
Calculate the remainder when 9 is divided by 1.
0
Calculate the remainder when 1192 is divided by 25.
17
Calculate the remainder when 1849 is divided by 66.
1
What is the remainder when 1157 is divided by 58?
55
Calculate the remainder when 124 is divided by 69.
55
Calculate the remainder when 1723 is divided by 354.
307
Calculate the remainder when 6399 is divided by 100.
99
Calculate the remainder when 154 is divided by 39.
37
Calculate the remainder when 728 is divided by 9.
8
Calculate the remainder when 712 is divided by 192.
136
What is the remainder when 773 is divided by 21?
17
Calculate the remainder when 761 is divided by 109.
107
Calculate the remainder when 109 is divided by 8.
5
Calculate the remainder when 955 is divided by 255.
190
What is the remainder when 785 is divided by 412?
373
Calculate the remainder when 1310 is divided by 28.
22
Calculate the remainder when 450 is divided by 147.
9
What is the remainder when 607 is divided by 15?
7
What is the remainder when 91 is divided by 50?
41
What is the remainder when 3738 is divided by 89?
0
Calculate the remainder when 361 is divided by 176.
9
What is the remainder when 16979 is divided by 4?
3
Calculate the remainder when 839 is divided by 84.
83
Calculate the remainder when 4257 is divided by 202.
15
What is the remainder when 99 is divided by 50?
49
What is the remainder when 1214 is divided by 241?
9
What is the remainder when 65 is divided by 29?
7
What is the remainder when 373 is divided by 72?
13
What is the remainder when 262 is divided by 9?
1
What is the remainder when 110 is divided by 40?
30
What is the remainder when 497 is divided by 257?
240
Calculate the remainder when 20892 is divided by 62.
60
Calculate the remainder when 3966 is divided by 75.
66
Calculate the remainder when 125 is divided by 8.
5
Calculate the remainder when 248 is divided by 23.
18
Calculate the remainder when 103 is divided by 12.
7
Calculate the remainder when 3761 is divided by 340.
21
Calculate the remainder when 118 is divided by 48.
22
What is the remainder when 64 is divided by 24?
16
Calculate the remainder when 82 is divided by 14.
12
What is the remainder when 80 is divided by 74?
6
Calculate the remainder when 343 is divided by 336.
7
Calculate the remainder when 390 is divided by 56.
54
What is the remainder when 207 is divided by 21?
18
Calculate the remainder when 274 is divided by 70.
64
What is the remainder when 1061 is divided by 56?
53
What is the remainder when 3831 is divided by 52?
35
Calculate the remainder when 726 is divided by 141.
21
What is the remainder when 260 is divided by 22?
18
Calculate the remainder when 96 is divided by 7.
5
What is the remainder when 251 is divided by 42?
41
What is the remainder when 509 is divided by 102?
101
Calculate the remainder when 622 is divided by 65.
37
What is the remainder when 864 is divided by 15?
9
Calculate the remainder when 60 is divided by 4.
0
Calculate the remainder when 1964 is divided by 140.
4
What is the remainder when 378 is divided by 76?
74
Calculate the remainder when 74 is divided by 33.
8
What is the remainder when 19687 is divided by 110?
107
What is the remainder when 879 is divided by 84?
39
What is the remainder when 156 is divided by 40?
36
What is the remainder when 1735 is divided by 134?
127
Calculate the remainder when 1059 is divided by 158.
111
Calculate the remainder when 164 is divided by 14.
10
Calculate the remainder when 2403 is divided by 14.
9
What is the remainder when 364 is divided by 44?
12
What is the remainder when 16271 is divided by 25?
21
What is the remainder when 83 is divided by 38?
7
Calculate the remainder when 80 is divided by 17.
12
Calculate the remainder when 11401 is divided by 63.
61
Calculate the remainder when 8579 is divided by 15.
14
Calculate the remainder when 1289 is divided by 19.
16
What is the r